ctors of 10/70 + (-2798)/(-14).
2, 5
Let s be (4004/(-66))/((-4)/(-6)). List the prime factors of 1069/7 - 26/s.
3, 17
Suppose 9980 = 4*f - 3*x - 2066, 3*f - 9041 = -x. List the prime factors of f.
23, 131
Suppose -q - a + 56 = a, 2*q = 3*a + 140. What are the prime factors of q?
2
Suppose 0 = -2*j + 105 + 59. List the prime factors of (-18)/72 - j/(-8).
2, 5
Let c(l) = -5*l + 33. Let g be c(6). Let z be 1/(-3) + (-52)/(-12). What are the prime factors of z/6 - (-118)/g?
2, 5
Let j be (-36)/(-14) - 16/28. Suppose 5*v - 12 = j*f + 2*f, -3*f + 6 = 0. Suppose b - 44 = 4*d - d, -v*b + 167 = -3*d. What are the prime factors of b?
41
Suppose -22*t + 23*t - 272 = 0. List the prime factors of t.
2, 17
Let u(o) = 17*o**3 - o**2 + 20*o - 10. What are the prime factors of u(4)?
2, 571
Suppose -39*d + 60835 = -23834. What are the prime factors of d?
13, 167
Let k be -2*(3 + -1 + -3). Suppose -k*w = -y + 3*w + 90, -w - 5 = 0. List the prime factors of y.
5, 13
Let y(s) = -3*s**2 - 53*s + 149. Let w(u) = 4*u**2 + 80*u - 223. Let q(z) = 5*w(z) + 7*y(z). List the prime factors of q(17).
2, 3, 11
Let q(u) = 114*u**2 + 3*u + u + 5 + u**3 - 102*u**2. List the prime factors of q(-11).
2, 41
Suppose 3*k + 4*k - 371 = 0. Let g = 2 + k. List the prime factors of g.
5, 11
Suppose -r - 52 = 4*o, 2*o - o + 4*r = -13. Let u(j) = -8*j + 28. List the prime factors of u(o).
2, 3, 11
Let i(c) = c**3 - 11*c**2 - 11*c + 13. Suppose 5*z - 65 = 5*k, -3*z + 34 + 6 = -4*k. List the prime factors of i(z).
5
Let x = -8 + 9. Let c be (-4)/2 + x + -1. List the prime factors of c/7 - 558/(-42).
13
Suppose q - 30 = -27, -5320 = -d + 2*q. List the prime factors of d.
2, 2663
Let p = 60 - 129. Let d = p + 102. List the prime factors of d.
3, 11
List the prime factors of (-2125)/(-6) - (-10)/(-60).
2, 3, 59
Let p(a) = 16*a**3 + a - 17*a**3 - 3*a + 5*a**2 + 6*a + 9. What are the prime factors of p(5)?
29
Let h be 6/27 - (-80)/45. Suppose 5*b + 2 = 4*i + h*b, 0 = 4*i + 3*b - 14. Suppose i*n + 0 - 140 = 0. What are the prime factors of n?
2, 5, 7
Let g(n) = 35*n - 20. Let y be 1*(4 + 1/(2 - 3)). List the prime factors of g(y).
5, 17
Suppose -69 = -5*z - 124. Let t(f) = -f**3 + 5*f**2 + 2*f + 7. Let s be t(5). Let q = z + s. What are the prime factors of q?
2, 3
Let o(d) = -16*d**3 - 19*d**2 + 36*d + 31. Let h(i) = -3*i**3 - 4*i**2 + 7*i + 6. Let y(r) = -11*h(r) + 2*o(r). What are the prime factors of y(-6)?
2, 13
Suppose -s - s - 2*i = -14, -i - 5 = -5*s. Suppose 270 = 7*d - s*d. List the prime factors of d.
2, 3
Suppose -x - 24 - 29 = 0. Let a = 22 - x. What are the prime factors of a?
3, 5
Let v be 12 + ((-2)/(-1) - 3). Let z(n) = n + 17. List the prime factors of z(v).
2, 7
What are the prime factors of ((-1)/(-2))/(1/50)?
5
List the prime factors of (-1)/(-2)*1390 - (-14 + 16).
3, 7, 11
Let w(k) = k**2 - 17*k + 6. Let m be w(16). Let i = 10 + m. Suppose i*g - 2*g = t - 57, 3*g = 15. List the prime factors of t.
47
Suppose -5*x - 2*d = -1097, 2*d + 217 = 4*x - 3*x. What are the prime factors of x?
3, 73
Suppose -r - 3*s + 865 = 0, 5*r - 3*s - 1287 = 3002. List the prime factors of r.
859
Suppose -4*w + 2468 = 2*b, 3*w - 2457 = -3*b + 1257. List the prime factors of b.
2, 3, 23
What are the prime factors of 21/(-6)*82918/(-77)?
3769
Let w(b) be the third derivative of -b**5/60 - 11*b**4/24 + 11*b**3/6 - 4*b**2. List the prime factors of w(-8).
5, 7
Let j = 138 - -423. List the prime factors of j.
3, 11, 17
Let n be 5 - (42/(-6) - -3). Suppose 2*d + 826 = n*d. List the prime factors of d.
2, 59
Let k(c) = -5*c**3 - 11*c**2 - 14*c + 4. What are the prime factors of k(-5)?
2, 53
Suppose -3*y - 5*h + 1207 = 0, 0 = -3*y + 8*y - 3*h - 1955. What are the prime factors of y?
2, 197
Suppose 216*i - 310352 = 160*i. List the prime factors of i.
2, 17, 163
Let n be 2/(-5) - (-21220)/50. Suppose -l + n = 7*l. List the prime factors of l.
53
Let n = 38 + -4. Let a = -24 + n. Suppose 2*p - a = 28. List the prime factors of p.
19
Let n = -11 - -10. Let u be n*(-2 - (3 - 6)). What are the prime factors of ((-6)/2)/u - -15?
2, 3
Let k = -8 - -2. What are the prime factors of ((-62)/k)/(17/51)?
31
Let w(s) = s**3 - 14*s - 2. Let d be w(-3). Suppose 501 = -10*y + d*y. What are the prime factors of y?
167
What are the prime factors of 818 + (4 - (-20)/(-5))?
2, 409
Let g be (12/(-10))/(45/(-150)). Let q(t) = -t. Let w be q(-3). Suppose -x + w = -g. What are the prime factors of x?
7
Suppose 0 = 7*s + 5 - 5857. What are the prime factors of s?
2, 11, 19
Let b = -287 - -527. What are the prime factors of b?
2, 3, 5
Let u(t) be the first derivative of t**6/15 + t**5/120 + 5*t**3/3 - 5. Let g(j) be the third derivative of u(j). List the prime factors of g(-1).
23
Suppose -5*y + y + 2*o = 10, 2*y + 2*o - 10 = 0. Suppose -4*a + 152 = -y*a. List the prime factors of a.
2, 19
What are the prime factors of 2090*(-4 - (-81)/18)?
5, 11, 19
Suppose 0 = 2*s - 17 + 13. Suppose 0*v + s*u - 138 = -3*v, 4*u = 5*v - 252. What are the prime factors of v?
2, 3
List the prime factors of (-14)/((-54)/13 - -4).
7, 13
Let t = -28 + 30. Suppose t*v + 8 = 0, -2*o = 3*o + 2*v - 242. List the prime factors of o.
2, 5
List the prime factors of 6*((-55)/10)/11 - -1050.
3, 349
Let l = 15 - 13. Suppose 4*y = -2*c + 16, -3*c + l*c = -4. What are the prime factors of 36 - ((-12)/y - -4)?
2, 19
Let u = 1 - -4. Suppose -z + 15 = -4*i, -z + u*i + 7 = -5. List the prime factors of z.
3
Suppose -3*b = -360 - 978. List the prime factors of b.
2, 223
Let n(r) = -r**2 - 3*r + 2. Let d be n(4). Suppose -2*b + 2*f + 8 = 0, 2*b - 5 = 5*f + 9. What are the prime factors of -2 - (4 - b)*d?
2, 5
Suppose -21 = 2*f + 17. Let n = 27 + f. What are the prime factors of n?
2
Suppose p + 4*x - 18 = 0, p + 5*x - 20 = -0*x. Suppose n + p = -g + 5*g, 3*n - g - 3 = 0. Suppose -n*o - o + 51 = 0. What are the prime factors of o?
17
Let n(u) = u**3 + 6*u**2 - 8*u - 13. Let f be n(-7). Let i be ((-4)/f)/((-6)/27). List the prime factors of -3*i/6*18.
3
Suppose -4*m + 9*t - 12*t + 10783 = 0, -3*m = t - 8091. List the prime factors of m.
2, 19, 71
Let l(b) = -29*b**3 + 2*b**2 - 6*b + 1. What are the prime factors of l(-2)?
11, 23
What are the prime factors of 4094/12 + (-12)/72?
11, 31
Suppose -2*v = -4*v + 6. Suppose -3*i - 107 = -4*u + 141, v*i = -3*u + 186. Suppose -2*y - 3*d + u = 2*y, -2*y + 2*d + 38 = 0. What are the prime factors of y?
17
Let f be 1*(2 - -1 - 0). Suppose f*d - 6*d = -213. Let x = -40 + d. What are the prime factors of x?
31
Let t(k) = -k + 2. Let b be t(-1). Suppose -b*j = 15, -j = 5*r - r - 203. What are the prime factors of r?
2, 13
Let w(r) = -r**2 + 6*r - 2. Let c be w(5). Suppose -c*v - 9 = -21. Suppose s - a - 28 = 4*a, 3*s - 84 = v*a. What are the prime factors of s?
2, 7
Let o(m) = 31*m - 9. Let k(r) = 16*r - 4. Let n(a) = -5*k(a) + 2*o(a). Let i be n(1). Let c = -7 - i. What are the prime factors of c?
3
Suppose -8*n + 3204 = 4*n. List the prime factors of n.
3, 89
Suppose -f = -325 - 1071. List the prime factors of f.
2, 349
Let m be -2*1*(2 - 3). Suppose b + 31 = -3*q, 69 = -3*b - m*q - q. List the prime factors of (b + -1)/(1/(-2)).
2, 5
Let i(a) = a**2 + 3*a + 37. Let t be i(-11). Let p = 211 - t. What are the prime factors of p?
2, 43
Let y(d) = d + 112 + 5*d**3 + d - 4*d**3. What are the prime factors of y(0)?
2, 7
Let l(b) be the first derivative of -b**3/3 - 5*b**2 - 16*b + 13. Let r be l(-6). List the prime factors of (-4660)/(-70) + r/(-14).
2, 3, 11
List the prime factors of (-380)/(-152)*3376/10.
2, 211
Let i = -6 - -10. What are the prime factors of (-3 - 2/i)*-6?
3, 7
Suppose -9*j + 490 = -437. Let q = j + -58. List the prime factors of q.
3, 5
Let o(l) = -l**3 + 20*l**2 - 11*l - 17. Let b be o(7). Suppose 451 = 7*v - b. What are the prime factors of v?
2, 71
Let f = -20 - -26. Let k = 3 + f. Suppose -k = j - 38. What are the prime factors of j?
29
Let t be 2/(-4)*(3 - 7). Suppose t*f + 5*f = 350. List the prime factors of f.
2, 5
Suppose 10*p - 2082 = 4*p. List the prime factors of p.
347
Let t be ((-94)/4)/(7/(-42)). List the prime factors of 241/3 + -1 - (-94)/t.
2, 5
Suppose 0 = -2*n - 3*u + 312, 3*n + 3*u - 8*u - 487 = 0. List the prime factors of n.
3, 53
Let b = 2563 + -559. List the prime factors of b.
2, 3, 167
Le